
{"id":34,"date":"2019-01-01T19:51:21","date_gmt":"2019-01-01T19:51:21","guid":{"rendered":"https:\/\/jazz-und-popchor-wolfenbuettel.de\/?page_id=34"},"modified":"2025-11-12T07:59:19","modified_gmt":"2025-11-12T07:59:19","slug":"impressum","status":"publish","type":"page","link":"https:\/\/jazz-und-popchor-wolfenbuettel.de\/?page_id=34","title":{"rendered":"Impressum"},"content":{"rendered":"<p><strong><span style=\"font-family: Arial;\">Impressum<br \/>\n<\/span><\/strong><br \/>\n<b>Administrator und Betreiber<\/b> &#8211; gem\u00e4\u00df \u00a7 5 Telemediengesetz TMG:<\/p>\n<p><b>Jazz- und Popchor Wolfenb\u00fcttel<\/b><br \/>\nIm Pfarrkamp 1<\/p>\n<p>38300 Wolfenb\u00fcttel<\/p>\n<p><b>Vertretungsberechtigte Vorst\u00e4nde des Vereins gem\u00e4ss \u00a7 26 BGB:<\/b><br \/>\nBertram M\u00dcLLER\u00a0 (1. Vorsitzender)<br \/>\nHeike HARTMANN (2. Vorsitzende)<br \/>\nUlrike PODSADNY (Kassenwartin)<br \/>\nAdresse s.o.<\/p>\n<p><b>KONTAKT: <\/b><\/p>\n<p><a href=\"https:\/\/jazz-und-popchor-wolfenbuettel.de\/?page_id=28\">Kontakt &#8211; Mail<\/a><br \/>\nTel: +49 (1575) 4979599<\/p>\n<p>Erf\u00fcllungsort und Gerichtstand ist f\u00fcr beide Partner Wolfenb\u00fcttel.<\/p>\n<p>F\u00fcr Druckfehler \u00fcbernehmen wir keine Haftung!<\/p>\n<p>\u00a9 Jazz- und Popchor Wolfenb\u00fcttel, 2018<\/p>\n<p>&nbsp;<\/p>\n<p><b>Haftungsausschluss<\/b><\/p>\n<p>1. Inhalt des Onlineangebotes<\/p>\n<p>Der Anbieter \u00fcbernimmt keinerlei Gew\u00e4hr f\u00fcr die Aktualit\u00e4t, Korrektheit, Vollst\u00e4ndigkeit oder Qualit\u00e4t der bereitgestellten Informationen. Haftungsanspr\u00fcche gegen den Anbieter, welche sich auf Sch\u00e4den materieller oder ideeller Art beziehen, die durch die Nutzung oder Nichtnutzung der dargebotenen Informationen bzw. durch die Nutzung fehlerhafter und unvollst\u00e4ndiger Informationen verursacht wurden, sind grunds\u00e4tzlich ausgeschlossen, sofern seitens des Anbieters kein nachweislich vors\u00e4tzliches oder grob fahrl\u00e4ssiges Verschulden vorliegt. Alle Angebote sind freibleibend und unverbindlich. Der Anbieter beh\u00e4lt es sich ausdr\u00fccklich vor, Teile der Seiten oder das gesamte Angebot ohne gesonderte Ank\u00fcndigung zu ver\u00e4ndern, zu erg\u00e4nzen, zu l\u00f6schen oder die Ver\u00f6ffentlichung zeitweise oder endg\u00fcltig einzustellen.<\/p>\n<p>S\u00e4mtliche angebotenen Informationen d\u00fcrfen &#8211; auch auszugsweise &#8211; nur mit schriftlicher Genehmigung eines vertretungsberechtigten Vorstandsmitglieds des Jazz- und Popchor Wolfenb\u00fcttel weiterverbreitet oder anderweitig ver\u00f6ffentlicht werden. Die Suchsysteme der Jazz- und Popchor Wolfenb\u00fcttel Webseite d\u00fcrfen nur zu pers\u00f6nlichen Zwecken verwendet werden. Keinesfalls ist es gestattet, die abgerufenen Informationen online oder auf andere Medien weiterzuverbreiten oder kommerziell zu nutzen!<\/p>\n<p>2. Verweise und Links<\/p>\n<p>Bei direkten oder indirekten Verweisen auf fremde Webseiten (&#8222;Hyperlinks&#8220;), die au\u00dferhalb des Verantwortungsbereiches des Anbieters liegen, w\u00fcrde eine Haftungsverpflichtung ausschlie\u00dflich in dem Fall in Kraft treten, in dem der Anbieter von den Inhalten Kenntnis hat und es ihm technisch m\u00f6glich und zumutbar w\u00e4re, die Nutzung im Falle rechtswidriger Inhalte zu verhindern. Der Anbieter erkl\u00e4rt hiermit ausdr\u00fccklich, dass zum Zeitpunkt der Linksetzung keine illegalen Inhalte auf den zu verlinkenden Seiten erkennbar waren. Auf die aktuelle und zuk\u00fcnftige Gestaltung, die Inhalte oder die Urheberschaft der gelinkten\/verkn\u00fcpften Seiten hat der Anbieter keinerlei Einfluss. Deshalb distanziert er sich hiermit ausdr\u00fccklich von allen Inhalten aller gelinkten\/verkn\u00fcpften Seiten, die nach der Linksetzung ver\u00e4ndert wurden. Diese Feststellung gilt f\u00fcr alle innerhalb des eigenen Internetangebotes gesetzten Links und Verweise sowie f\u00fcr Fremdeintr\u00e4ge in vom Anbieter eingerichteten G\u00e4steb\u00fcchern, Diskussionsforen und Mailinglisten. F\u00fcr illegale, fehlerhafte oder unvollst\u00e4ndige Inhalte und insbesondere f\u00fcr Sch\u00e4den, die aus der Nutzung oder Nichtnutzung solcherart dargebotener Informationen entstehen, haftet allein der Anbieter der Seite, auf welche verwiesen wurde, nicht derjenige, der \u00fcber Links auf die jeweilige Ver\u00f6ffentlichung lediglich verweist.<\/p>\n<p>3. Urheber- und Kennzeichenrecht<\/p>\n<p>Der Anbieter ist bestrebt, in allen Publikationen die Urheberrechte der verwendeten Grafiken, Tondokumente, Videosequenzen und Texte zu beachten, von ihm selbst erstellte Grafiken, Tondokumente, Videosequenzen und Texte zu nutzen oder auf lizenzfreie Grafiken, Tondokumente, Videosequenzen und Texte zur\u00fcckzugreifen. Alle innerhalb des Internetangebotes genannten und ggf. durch Dritte gesch\u00fctzten Marken- und Warenzeichen unterliegen uneingeschr\u00e4nkt den Bestimmungen des jeweils g\u00fcltigen Kennzeichenrechts und den Besitzrechten der jeweiligen eingetragenen Eigent\u00fcmer. Allein aufgrund der blo\u00dfen Nennung ist nicht der Schluss zu ziehen, dass Markenzeichen nicht durch Rechte Dritter gesch\u00fctzt sind! Das Copyright f\u00fcr ver\u00f6ffentlichte, vom Anbieter selbst erstellte Objekte bleibt allein beim Anbieter der Seiten. Eine Vervielf\u00e4ltigung oder Verwendung solcher Grafiken, Tondokumente, Videosequenzen und Texte in anderen elektronischen oder gedruckten Publikationen ist ohne ausdr\u00fcckliche Zustimmung des Anbieters nicht gestattet.<\/p>\n<p>4. Rechtswirksamkeit dieses Haftungsausschlusses<\/p>\n<p>Dieser Haftungsausschluss ist als Teil des Internetangebotes zu betrachten, von dem aus auf diese Seite verwiesen wurde. Sofern Teile oder einzelne Formulierungen dieses Textes der geltenden Rechtslage nicht, nicht mehr oder nicht vollst\u00e4ndig entsprechen sollten, bleiben die \u00fcbrigen Teile des Dokumentes in ihrem Inhalt und ihrer G\u00fcltigkeit davon unber\u00fchrt.<\/p>\n<p>5. Rechtliche Hinweise zur Webseite<\/p>\n<p>Alle Texte, Bilder und weiter hier ver\u00f6ffentlichten Informationen unterliegen dem Urheberrecht des Anbieters, soweit nicht Urheberrechte Dritter bestehen. In jedem Fall ist eine Vervielf\u00e4ltigung, Verbreitung oder \u00f6ffentliche Wiedergabe ausschlie\u00dflich im Falle einer widerruflichen und nicht \u00fcbertragbaren Zustimmung des Anbieters gestattet.<\/p>\n<p>F\u00fcr alle mittels Querverweis (Link) verbundenen Webinhalte \u00fcbernimmt der Anbieter keine Verantwortung, da es sich hierbei nicht um eigene Inhalte handelt. Die verlinkten Seiten wurden auf rechtswidrige Inhalte \u00fcberpr\u00fcft, zum Zeitpunkt der Verlinkung waren solche nicht erkennbar. Verantwortlich f\u00fcr den Inhalt der verlinkten Seiten ist deren Betreiber. Der Anbieter hat hierzu keine allgemeine \u00dcberwachungs- und Pr\u00fcfungspflicht. Bei Bekanntwerden einer Rechtsverletzung wird der entsprechende Link jedoch umgehend entfernt.<\/p>\n","protected":false},"excerpt":{"rendered":"<p>Impressum Administrator und Betreiber &#8211; gem\u00e4\u00df \u00a7 5 Telemediengesetz TMG: Jazz- und Popchor Wolfenb\u00fcttel Im Pfarrkamp 1 38300 Wolfenb\u00fcttel Vertretungsberechtigte Vorst\u00e4nde des Vereins gem\u00e4ss \u00a7 26 BGB: Bertram M\u00dcLLER\u00a0 (1. Vorsitzender) Heike HARTMANN (2. Vorsitzende) Ulrike PODSADNY (Kassenwartin) Adresse s.o.&hellip; <\/p>\n","protected":false},"author":1,"featured_media":0,"parent":0,"menu_order":0,"comment_status":"closed","ping_status":"closed","template":"","meta":{"footnotes":""},"class_list":["post-34","page","type-page","status-publish","hentry"],"_links":{"self":[{"href":"https:\/\/jazz-und-popchor-wolfenbuettel.de\/index.php?rest_route=\/wp\/v2\/pages\/34","targetHints":{"allow":["GET"]}}],"collection":[{"href":"https:\/\/jazz-und-popchor-wolfenbuettel.de\/index.php?rest_route=\/wp\/v2\/pages"}],"about":[{"href":"https:\/\/jazz-und-popchor-wolfenbuettel.de\/index.php?rest_route=\/wp\/v2\/types\/page"}],"author":[{"embeddable":true,"href":"https:\/\/jazz-und-popchor-wolfenbuettel.de\/index.php?rest_route=\/wp\/v2\/users\/1"}],"replies":[{"embeddable":true,"href":"https:\/\/jazz-und-popchor-wolfenbuettel.de\/index.php?rest_route=%2Fwp%2Fv2%2Fcomments&post=34"}],"version-history":[{"count":13,"href":"https:\/\/jazz-und-popchor-wolfenbuettel.de\/index.php?rest_route=\/wp\/v2\/pages\/34\/revisions"}],"predecessor-version":[{"id":230,"href":"https:\/\/jazz-und-popchor-wolfenbuettel.de\/index.php?rest_route=\/wp\/v2\/pages\/34\/revisions\/230"}],"wp:attachment":[{"href":"https:\/\/jazz-und-popchor-wolfenbuettel.de\/index.php?rest_route=%2Fwp%2Fv2%2Fmedia&parent=34"}],"curies":[{"name":"wp","href":"https:\/\/api.w.org\/{rel}","templated":true}]}}